). Suppose 3*k + 6 - o = v. List the prime factors of k.
3
Suppose 2*i + d = 216, -3*i - 2*i + d + 540 = 0. List the prime factors of i.
2, 3
Let b = 3 + 1. Suppose 3*g = 4*r - g - b, 5*g = -2*r + 30. What are the prime factors of r?
5
Suppose y - 5 = 2*m - 30, -5*y = 3*m - 70. What are the prime factors of m?
3, 5
Let n(i) = i**2 + 8*i + 8. Let p be n(-6). Let u be 6/p*(-8)/(-6). List the prime factors of u/(1/(26/(-4))).
13
Let a(s) = s**3 + 9*s**2 - 2*s - 13. Let l be a(-9). Suppose -3*n - 56 = -l*o - 6*n, 22 = o - 3*n. What are the prime factors of o?
13
Let u be (2 - 15/6)*4. Let x be (u/(-6))/((-1)/(-6)). What are the prime factors of (1 + 10)/(2/x)?
11
Let i(n) be the second derivative of n**5/20 + 7*n**4/12 + 4*n**3/3 + 3*n**2/2 - 3*n. List the prime factors of i(-5).
13
What are the prime factors of (-2)/(-7) - (-795)/35?
23
Suppose -5*q + s + 192 = 38, -4*q + 124 = -s. What are the prime factors of q?
2, 3, 5
Suppose 0 = -2*c - 3*c + 90. What are the prime factors of c?
2, 3
Let m = -46 + 81. What are the prime factors of m?
5, 7
Let i = -64 + 16. What are the prime factors of (i/9)/(2/(-12))?
2
Suppose 33 + 22 = -5*l. Suppose -53 - 39 = -4*x. Let d = x + l. List the prime factors of d.
2, 3
Let m(f) = -f**3 - 10*f**2 + 14. What are the prime factors of m(-10)?
2, 7
Let o = 204 - 54. What are the prime factors of o?
2, 3, 5
Suppose -5 = -x + 4*k, 5*x = 4*k + k - 5. Let b be (-2)/(-3) + (-13)/x. Suppose b*w - 4 = 3*w + 2*u, 2*w = -u + 7. List the prime factors of w.
3
Let o = 34 + -10. What are the prime factors of o?
2, 3
Let n(a) = a**2 - 4*a. Let u be n(3). Let b = 89 + -88. List the prime factors of 0 - u - (-6 - b).
2, 5
Suppose 0 = 2*m + 2*m + 80. Let n = m - -27. List the prime factors of n.
7
Suppose 0 = 2*g - 0 - 2. Let k = 8 + g. List the prime factors of k.
3
Suppose -4*i + 66 + 53 = 3*y, -i = 2*y - 31. List the prime factors of i.
29
What are the prime factors of (2322/4)/3 - (-9)/(-6)?
2, 3
Let z = -11 + 11. Suppose 6*u - 111 = 3*u - 3*d, z = 2*u + 5*d - 59. List the prime factors of u.
2, 3, 7
Suppose 3*f + 15 = 8*f. Let n be (-10)/15 + 14/f. Suppose -n = -z + 14. List the prime factors of z.
2, 3
Suppose -w - 4*w + 2*x = 72, -3*w + 3*x = 45. Let h = 29 + w. What are the prime factors of h?
3, 5
Let w(y) = -y**3 - 6*y**2 - 4*y + 3. Suppose -3*u + 3*h = 18, -5*u = 5*h + 11 + 19. List the prime factors of w(u).
3
Let v = 17 + -17. Suppose v = -p + 5 + 7. What are the prime factors of p?
2, 3
Let y(v) = 2*v + 2. Let h be y(9). List the prime factors of (-1)/4 + 965/h.
2, 3
Let z = 26 - 10. Let y = 55 - z. What are the prime factors of y?
3, 13
Let q(m) = -m**2 - 4*m - 3. Let l = -2 - 1. Let a be q(l). Suppose 5*y - 42 = 2*s, a = -3*y - 5*s + 19. What are the prime factors of y?
2
Suppose g - 23 = -5*c, 2*c + 5*g + 1 - 24 = 0. Suppose 7*a - 36 = c*a. What are the prime factors of a?
2, 3
Let d = 84 - -9. List the prime factors of d.
3, 31
Suppose 16 = 4*r + 3*i + i, r = -3*i + 6. Suppose 10 = 5*y - s, 2*y = -r*s + s + 16. What are the prime factors of y?
3
Let v be -1*(2 - (-10)/(-1)). Let r = v + -8. Suppose r = -4*o + 89 - 25. List the prime factors of o.
2
Suppose 81 - 209 = -4*l. What are the prime factors of l?
2
Let b be 15*(12/9 - 1). Let d = 18 - b. List the prime factors of d.
13
Let p = 10 + -5. Suppose 3*o + o = -a + p, -3*a + o = -28. What are the prime factors of a?
3
Suppose n = -2*z + 6, 5*n - 15 + 1 = -2*z. Suppose 0 = 7*j - z*j - 45. List the prime factors of j.
3
Let v(a) = 0 - 3*a**3 + 4*a**2 + 3 - 6*a**2 + 2*a + 0. List the prime factors of v(-2).
3, 5
Let p = -4 - 1. Let i(j) = j**2 + 8*j - 3. Let o be i(p). List the prime factors of o*((-4)/3)/2.
2, 3
Let n = 64 + -17. List the prime factors of n.
47
Let t = 68 - 36. What are the prime factors of t?
2
Let j(m) = m**2 + 3*m - 2. Let w be j(-2). Let z = 2 + w. List the prime factors of (-222)/(-18) - z/(-6).
2, 3
Let w be (-2 - 0 - -2) + 2. Suppose -a = -l - 8, 4*a + a - 25 = w*l. What are the prime factors of a?
3
Suppose 4*q + 1 = 5*t + 2, 3*t - 2*q - 1 = 0. Suppose -t*p + 17 = -34. What are the prime factors of p?
17
Let p be (-14)/2 + (1 - 0). What are the prime factors of (-27)/p*(1 - -1)?
3
Suppose -114 = -5*f + 6. Suppose -4*w + f = -0*w. Let x(a) = a**2 - 5*a - 1. List the prime factors of x(w).
5
Let m be (9/(-6))/(3/(-14)). Let t(g) = -g**2 + 8*g. List the prime factors of t(m).
7
Let p = 11 - 4. Let d be (-1783)/p + (-2)/7. List the prime factors of (-2)/7 - d/35.
7
Let h be 1 + (-3)/((-3)/(-5)). Let p = 6 + h. Let c = 9 + p. What are the prime factors of c?
11
Let f be 0 - (0 - 1)*2. Suppose -5 = -f*u + 7. List the prime factors of u.
2, 3
Suppose -4*r + 0*r + 3*l = -50, 0 = 2*l - 4. Let b = r + -5. What are the prime factors of b?
3
Let l(h) = h + 6. Suppose -4*u + 7 = -3*u. What are the prime factors of l(u)?
13
Suppose -4*l - l = -105. Let q = l - 6. List the prime factors of q.
3, 5
Let o(k) = -2*k - 6. What are the prime factors of o(-4)?
2
Let d(v) = v**2 + v - 1. Let w be d(0). Let u = 6 + w. List the prime factors of u.
5
Let t(o) = o**2 - 11*o + 13. Let l be t(10). Let r = l - 1. List the prime factors of r.
2
Let q be (-3 - 1)/(-4 + 2). Suppose q*g - 2*a - 12 = a, -5*a - 22 = -4*g. What are the prime factors of g?
3
Suppose -298 - 176 = -3*p. List the prime factors of p.
2, 79
Let y(l) = 3*l**2 + 3*l**2 + 23 - 4*l**2 - 16. List the prime factors of y(5).
3, 19
Suppose -2*r - 8 = 4*i, -2*r + 5*i = 9 - 37. Suppose -2*g + a + 0*a = -36, -r*g + 72 = 5*a. List the prime factors of g.
2, 3
Let d be 3/2 - 34/4. Let z = d + 14. List the prime factors of z.
7
Suppose 4*m - 110 = -m. What are the prime factors of m?
2, 11
What are the prime factors of 110 + (2/(-3) - 224/(-48))?
2, 3, 19
Let l = -7 + 10. Let k(o) = o**2 - 8*o + 13. Let w be k(6). Suppose -w - l = -2*g. List the prime factors of g.
2
Let i(s) = -s**3 - 9*s**2 - 19*s - 16. What are the prime factors of i(-7)?
19
Suppose 4*d = 96 - 4. What are the prime factors of d?
23
Suppose -q - 6*a = -2*a + 10, 5*a + 75 = 5*q. Suppose -q - 40 = -5*w. Suppose w = r + 2. What are the prime factors of r?
2
Let o = -92 - -146. What are the prime factors of o?
2, 3
Suppose 4 = -4*n, -4*o - n + 2*n = 3. Let b = 2 + o. Suppose -4*y + 5*h = -6*y + b, -44 = -4*y + 4*h. List the prime factors of y.
2
Let u = -1 + 18. Suppose 3*s + 2*s - 65 = -5*m, -4*m = -3*s - u. List the prime factors of m.
2
Suppose -3*h + 12 = -33. Suppose -h = -2*r + 15. List the prime factors of (-6)/r + 42/5.
2
Let p(y) = -y - 6. Let x be p(-8). Suppose -4*i + 3*a + 60 = 0, a - 45 = -x*i - i. List the prime factors of i.
3, 5
Let i(a) = 0*a - 5*a + 27 - 39. List the prime factors of i(-9).
3, 11
Let v(b) = -3*b - 11. Let c be v(-9). Let m = 30 - c. List the prime factors of m.
2, 7
Let i = 14 - 10. Suppose -3*g - i = 5, 42 = 3*s - 2*g. Let o = 23 - s. List the prime factors of o.
11
Let d = 350 + -208. Suppose b + 4*a = 5*b - 148, -2*a + d = 4*b. Let c = 51 - b. List the prime factors of c.
3, 5
Let m be -3 - (-5 - 0/2). Suppose m*c = -2*c + 68. What are the prime factors of c?
17
Suppose 4*a - 33 = 115. Suppose b - 13 = -3*t + 6, b - 3*t - a = 0. List the prime factors of b.
2, 7
Suppose -q - q + 6 = 0. What are the prime factors of 0 - (-26*1 + q)?
23
Suppose -150 = 4*j + 5*b - 733, -5*b + 299 = 2*j. List the prime factors of j.
2, 71
Let t = 32 - 12. List the prime factors of t.
2, 5
Suppose 0 = 2*k + 4*s - 286, -176 = -4*k + 2*s + 406. List the prime factors of k.
5, 29
Suppose 0 = 2*w - 5*w + 5*y + 79, 4*w = 3*y + 109. What are the prime factors of w?
2, 7
Suppose -3*c + 2*c = -2. Suppose c*h = -4*w + 30, -2*h + 51 = 5*w - 4*h. What are the prime factors of w?
3
Let v = 117 - 67. Suppose -b - 54 = 2*b - 3*w, 0 = -5*b - 5*w - v. What are the prime factors of 158/14 + 4/b?
11
Let w be 1 + (-6)/2 - -6. Suppose 2*t + v - 6*v + 1 = 0, 0 = -w*t + v + 43. List the prime factors of t.
2, 3
Let k = 774 - 506. List the prime factors of k.
2, 67
Let o(s) be the first derivative of -s**2 - 14*s + 2. List the prime factors of o(-11).
2
Let c = 100 + -70. Suppose 2*z + 8 - c = 0. List the prime factors of z.
11
Let m(q) = -165*q**2 + 2*q - 1. Let x be m(-2). What are the prime factors of (-4)/(-18) + x/(-45)?
3, 5
Let a = 5 - 17. L